In base 8, what is -1757057 + -2?
-1757061
In base 2, what is -1011001 + 11101001?
10010000
In base 14, what is -5b1a - 5?
-5b21
In base 7, what is 0 + 1525245?
1525245
In base 13, what is 6 - 4636?
-4630
In base 7, what is 243620 - -5?
243625
In base 4, what is 132000 + 10?
132010
In base 3, what is 0 - -211211?
211211
In base 14, what is -2 + -330?
-332
In base 8, what is -275 - 50504?
-51001
In base 16, what is 0 - 14b05?
-14b05
In base 3, what is -11212002111 - -1?
-11212002110
In base 2, what is -101101010 - 10000010?
-111101100
In base 6, what is 35 - -15110?
15145
In base 11, what is 3514a - -11?
35160
In base 15, what is 9e929 + -4?
9e925
In base 4, what is 10 - 1311030112?
-1311030102
In base 12, what is 3105 - -764?
3869
In base 15, what is c0da6a - -3?
c0da6d
In base 15, what is -aa9 + 58?
-a51
In base 9, what is 32118 - -1?
32120
In base 13, what is 0 - 11910?
-11910
In base 5, what is -23044242 - -3?
-23044234
In base 4, what is 10033233332 + 0?
10033233332
In base 11, what is 3 + 20160?
20163
In base 4, what is 10 + 1001201103?
1001201113
In base 5, what is -200 + -41123?
-41323
In base 16, what is 35c + -3e?
31e
In base 11, what is 113031 - -1?
113032
In base 3, what is -212001 - -1212?
-210012
In base 8, what is -30411 - -23?
-30366
In base 8, what is 1 + 1273203?
1273204
In base 12, what is -97 + -141?
-218
In base 10, what is 183 + 1176?
1359
In base 10, what is -1635 + -68?
-1703
In base 7, what is -12136 - 21?
-12160
In base 13, what is a967 + -25?
a942
In base 10, what is -70 + 7690?
7620
In base 10, what is 75353 - 18?
75335
In base 10, what is -67 + -110?
-177
In base 6, what is 1131 - 203?
524
In base 9, what is 5630 - 14?
5615
In base 9, what is -1421 + -1336?
-2757
In base 15, what is 100b + -5?
1006
In base 9, what is -327785 - 1?
-327786
In base 5, what is 3431112 - -3?
3431120
In base 9, what is -171 - -5376?
5205
In base 2, what is -10111 + -1011001111?
-1011100110
In base 8, what is -6 + 326724?
326716
In base 15, what is 11 + -470?
-45e
In base 7, what is 2 - -301450?
301452
In base 6, what is -305 + 50545?
50240
In base 2, what is 11 - -1001101100?
1001101111
In base 10, what is 7424 - 29?
7395
In base 13, what is 1869531 + 1?
1869532
In base 10, what is 17 + -26108?
-26091
In base 12, what is 59 - -2445?
24a2
In base 7, what is 1066 - -562?
1661
In base 15, what is -61 + 6ad7?
6a76
In base 8, what is -5 - -17336?
17331
In base 11, what is 304 - -279?
582
In base 11, what is 148 - -61?
1a9
In base 9, what is 4 - -108101?
108105
In base 3, what is -1121 + 2110021?
2101200
In base 11, what is -31 + 662?
631
In base 11, what is -11 - -27238?
27227
In base 10, what is 2 - -3790?
3792
In base 6, what is 1 - 42150?
-42145
In base 2, what is 110 + 11000001101110000?
11000001101110110
In base 5, what is -20 + -23034?
-23104
In base 6, what is -1253510 - 14?
-1253524
In base 16, what is 16 + -d660?
-d64a
In base 5, what is 1 - 103224123?
-103224122
In base 6, what is 10101520 - 11?
10101505
In base 14, what is 124653 - 5?
12464c
In base 9, what is 1 + -15856?
-15855
In base 15, what is 40 - 39?
6
In base 3, what is -1202021 + 1?
-1202020
In base 14, what is -4 - -840b?
8407
In base 7, what is 12232510 - -4?
12232514
In base 2, what is 0 - 11100101000010010001?
-11100101000010010001
In base 16, what is -314 - -3c?
-2d8
In base 12, what is 53 + -36b95?
-36b42
In base 7, what is -535 - 233?
-1101
In base 14, what is 141 - -1c?
15d
In base 5, what is 4 - -303214?
303223
In base 13, what is a0 - a2?
-2
In base 9, what is 7 + -15571?
-15563
In base 16, what is -35e + 3?
-35b
In base 9, what is 83 - -124632?
124725
In base 15, what is -4 - -3053?
304e
In base 3, what is 1002101122 + 120?
1002102012
In base 12, what is 163 - -36b?
512
In base 11, what is 1088192 + -5?
1088188
In base 9, what is -3840 + -10?
-3850
In base 10, what is -29691 - 4?
-29695
In base 2, what is 11111 - -11011011100?
11011111011
In base 6, what is -425 - -44514?
44045
In base 5, what is 120 - 14123?
-14003
In base 13, what is -7937 - -2?
-7935
In base 13, what is 4a4 - -12?
4b6
In base 7, what is 26 - 241360?
-241331
In base 16, what is 51a - -18?
532
In base 16, what is 32cb3c - 2?
32cb3a
In base 2, what is 1 + -11011100010011?
-11011100010010
In base 4, what is 113332300 - 2?
113332232
In base 13, what is 190b13 - 4?
190b0c
In base 12, what is -129 - 6b66?
-7093
In base 15, what is -bb + 1b1d?
1a52
In base 11, what is 581 + -19a?
392
In base 2, what is -11111100100110 + -101000?
-11111101001110
In base 2, what is -1111101101 + -10010001?
-10001111110
In base 9, what is 0 + 548256?
548256
In base 8, what is 1 + 1071460?
1071461
In base 8, what is -26651 + -403?
-27254
In base 3, what is 10 + 2002011211110?
2002011211120
In base 8, what is 24 + 3137?
3163
In base 3, what is -12 + -101000001?
-101000020
In base 2, what is 11 - -110111111111110000?
110111111111110011
In base 5, what is 1 + -1133233?
-1133232
In base 5, what is -2003133 + 4?
-2003124
In base 8, what is -1 - 16114?
-16115
In base 9, what is -3 - 102538?
-102542
In base 2, what is -10110011000110001000 - -101?
-10110011000110000011
In base 12, what is -3069 - -83?
-2ba6
In base 10, what is 27 + 2292?
2319
In base 12, what is -3 - 86495?
-86498
In base 7, what is -16 + 110406?
110360
In base 7, what is -3 - 24256?
-24262
In base 15, what is -1 - -765d?
765c
In base 3, what is -21012210120 + 0?
-21012210120
In base 6, what is -133 - -4321?
4144
In base 13, what is b + -5a89?
-5a7b
In base 15, what is -4b26 + -1?
-4b27
In base 2, what is -101 + 1000110101111101001?
1000110101111100100
In base 3, what is -11 - 101112102022?
-101112102110
In base 4, what is 10 + -1101323130?
-1101323120
In base 3, what is -102 - -200211010?
200210201
In base 10, what is 33351 - -4?
33355
In base 4, what is 1 - 2123?
-2122
In base 4, what is 223320 + 200?
230120
In base 3, what is 1 - 21120121111?
-21120121110
In base 10, what is -16 + -161685?
-161701
In base 14, what is 732d8 - 0?
732d8
In base 7, what is 456316 + -5?
456311
In base 13, what is -3 - -a898?
a895
In base 15, what is -1bb - -19a?
-21
In base 7, what is -16013 - -32?
-15651
In base 13, what is 5 - -10b79?
10b81
In base 4, what is 23330 + -1131133?
-1101203
In base 4, what is 123 - 121232?
-121103
In base 14, what is 77b2 + 2?
77b4
In base 6, what is -3250304 - -2?
-3250302
In base 11, what is 1 + 139079?
13907a
In base 14, what is 66ab7 + 4?
66abb
In base 3, what is -210 + 212121211?
212121001
In base 9, what is 1202 + -130?
1062
In base 16, what is bc7f + -1?
bc7e
In base 5, what is -204 - 20042?
-20301
In base 8, what is -1443 - -413?
-1030
In base 8, what is -150635 + 14?
-150621
In base 5, what is -102 - -11242?
11140
In base 9, what is 240 + 43?
283
In base 8, what is -50 - -2514?
2444
In base 7, what is 1154 - -460?
1644
In base 7, what is 2102 + -5623?
-3521
In base 4, what is -21122202123 - 10?
-21122202133
In base 4, what is -332 + 11132101?
11131103
In base 6, what is -54135 + 4033?
-50102
In base 9, what is -3435 + 172?
-3253
In base 9, what is -485 - -5062?
4466
In base 2, what is -1100100110101 + -101?
-1100100111010
In base 16, what is 1 + a7547?
a7548
In base 10, what is -75 - 117?
-192
In base 12, what is 3 - 25026?
-25023
In base 13, what is 20c3 - 9c?
2024
In base 14, what is -1209d3 - -1?
-1209d2
In base 4, what is 10 + 2122231?
2122301
In base 10, what is -9 + -10114?
-10123
In base 15, what is 6c + -6c3?
-656
In base 10, what is 5 + 260476?
260481
In base 2, what is 10010 - 1111101101000?
-1111101010110
In base 15, what is 1 + -21918?
-21917
In base 8, what is -4405 - -67?
-4316
In base 12, what is -b0 - 95b?
-a4b
In base 11, what is 31 - -65a?
690
In base 2, what is 11100100010011011110011 + 11?
11100100010011011110110
In base 13, what is 4 - -2a3c42?
2a3c46
In base 12, what is -1 - -2268?
2267
In base 8, what is 0 + 701630?
701630
In base 4, what is -1112003 - -112?
-1111231
In base 13, what is -1 - -2bb7?
2bb6
In base 9, what is -3122642 - 1?
-3122643
In base 5, what is -3400202 - -10?
-3400142
In base 16, what is 548 + -69?
4df
In base 7, what is 141312 + -11?
141301
In base 12, what is -1434b2 - -2?
-1434b0
In base 10, what is -6 + 9228?
9222
In base 15, what is 25647 - 6?
25641
In base 14, what is 2 + -142dbd?
-142dbb